?
9
Suppose 156*l - 1395 + 107 = 272. Let s(w) = -4*w**2 + 0*w + 3*w + 2*w**3 - w**3. Let t be s(6). Calculate the highest common factor of t and l.
10
Let s(y) = -2*y**2 - 10*y + 6. Let o be s(-6). Let t be (-128)/o + 11/(-33). Calculate the greatest common factor of t and 105.
21
Suppose -5*p + 4175 = 5*z - z, -4*z + 4185 = 3*p. What is the greatest common factor of 42 and z?
42
Let s = 50 + -45. Let d be 5*3 + (s - 4). What is the greatest common divisor of d and 48?
16
Let h be (-4)/((-4)/(0 + 2)). Suppose 50 = 4*m + h*z, -3*z + z = m - 8. Let v(d) = d - 11. Let b be v(m). Calculate the greatest common divisor of 33 and b.
3
Let b = -6 + 7. Let i be 0*(3/9)/b. Suppose 0 = -2*k + 5*k + 5*y - 561, 3*k + 2*y - 552 = i. Calculate the highest common factor of k and 26.
26
Suppose -3*z = -j - 2076, -z + 5*j + 4143 = 5*z. What is the greatest common divisor of z and 77?
77
Suppose -5*y - 2*q = -20, -2*q + 8 = 2*y - q. Let s be ((-2)/(-2))/(y/24). Calculate the greatest common divisor of s and 60.
6
Suppose k - 24 = -5*c, 3*c - 12 = -c. Calculate the greatest common divisor of 1233 and k.
9
Suppose 63*m - 999 - 1017 = 0. Calculate the greatest common divisor of m and 1888.
32
Let g be (-69)/(-345) - 19/(-10)*2. Let p(j) = -j**3 + 6*j**2 - 3*j - 4. Let s be p(g). Calculate the highest common divisor of 40 and s.
8
Suppose 2*x + 12 = -4*i, -2*i + 10 = -4*i. Suppose x*f = 1413 - 293. Suppose 2*h + 2*h = f. What is the greatest common divisor of h and 10?
10
Let y be (-782)/(-9) - 29/(-261). Calculate the greatest common factor of 232 and y.
29
Let m = -686 - -694. What is the greatest common divisor of 296 and m?
8
Let l be ((-32)/(-10))/((-245)/50 + 5). Calculate the greatest common divisor of 112 and l.
16
Suppose 0 = -5*p - b + 47 + 77, 5*p = -3*b + 132. Suppose 2*g - 102 = -4*k, 6*k = 4*k - 4*g + 60. Calculate the highest common factor of p and k.
24
Suppose 17*p - 2760 = -6*p. Suppose 0 = -4*d, 0 = 3*q - 4*d - 118 - 26. Calculate the highest common factor of q and p.
24
Let d be 124/10 + (-6)/15. Suppose -18*g - 1296 = -36*g. What is the highest common divisor of d and g?
12
Let v be 68*(-1)/(-3)*9/6. Let y = -199 + 284. Calculate the greatest common divisor of v and y.
17
Let z(g) = g**3 - 20*g**2 + 23*g - 28. Let h be z(19). Calculate the greatest common factor of h and 528.
48
Suppose -3*z = -0*z - 4*x + 23, -4*z - 4*x - 12 = 0. Let l = z + 6. Let g be (l + -7)*7*-2. Calculate the greatest common factor of 12 and g.
12
Let t be 58352/64 - (7/4 - 2). What is the greatest common divisor of t and 48?
48
Suppose -3*k - 4*p + 497 = 0, 5*k - 179 = 4*k + 2*p. Suppose 12*a - k = 21. What is the greatest common factor of 8 and a?
8
Let j = 52 - 52. Suppose j*m = -2*c - 2*m + 8, -m + 2 = 0. Calculate the greatest common divisor of 8 and c.
2
Suppose -3*s + 2*t - 1 = 1, 4*t - 8 = 4*s. Suppose h = s*c - 70, c + h = -2*h + 28. Suppose 2*d = -c + 94. Calculate the greatest common divisor of 3 and d.
3
Suppose -2*l + 824 = 3*k, -58*l = -55*l + 4*k - 1234. Calculate the greatest common divisor of 58 and l.
58
Let n be 1 - (-38)/7 - 3/7. Let j be (0 + (-3)/n)/((-3)/72). What is the greatest common divisor of 18 and j?
6
Let d = -25 + 23. Let p be (d - 2) + 19/1. Calculate the greatest common divisor of p and 105.
15
Let x(v) = v**2 + 10*v + 18. Let o be x(-9). Let s = -82 + 154. Calculate the highest common divisor of s and o.
9
Let r(t) = 27*t - 7. Let o be r(5). Let m(v) = -v**2 - 15*v - 18. Let w be m(-8). Let x = -22 + w. What is the highest common divisor of o and x?
16
Let x be (-2 + -31)/((-3)/166). Suppose -5*k = -4*v - x - 35, 0 = k - v - 373. Calculate the greatest common divisor of k and 41.
41
Let p = 323 + -273. Let b(d) = -122*d - 3. Let x(z) = -123*z - 2. Let h(r) = 3*b(r) - 4*x(r). Let t be h(1). What is the highest common divisor of p and t?
25
Let z be ((-22)/(-3))/2*27. Let f(l) = -2*l - 36. Let x be f(-10). Let n = 27 + x. What is the greatest common factor of n and z?
11
Let u be 2/7 + 5/(105/2409). Let l be -3*(-1)/3*103. Let q = 149 - l. What is the greatest common factor of q and u?
23
Let u(f) = -f**3 - 10*f**2 + 24*f + 12. Let i be u(-12). Calculate the greatest common factor of i and 60.
12
Let j(z) = z - 3. Let s be j(5). Let r be -1*s/(-6) + (-112)/(-24). Calculate the greatest common divisor of r and 10.
5
Let z(f) = -2*f**3 + 2*f**2 + 5*f + 3. Let w be z(-1). Suppose -2*q = -5*u + 54, 2*u + u + w*q = 26. What is the highest common divisor of 35 and u?
5
Let l be (9/21)/(-1) - (-888)/14. Let r = l + -12. What is the highest common factor of 153 and r?
51
Let j(c) = -c**3 - 11*c**2 + 6*c - 30. Let p be j(-12). Calculate the highest common factor of p and 126.
42
Let q(z) = 2*z**3 - 3*z**2 - 2*z - 2. Suppose -2 = -3*s + 2*k, -6*k - 1 = -4*s - 3*k. Let v be q(s). What is the greatest common factor of 30 and v?
10
Let r = -4 - -5. Suppose y + 24 = a + 16, 0 = 3*a + 4*y + 4. What is the highest common factor of a and r?
1
Suppose 56*d - 54*d = 10. Suppose -37 + d = -8*p. What is the highest common factor of p and 4?
4
Suppose 0*c + c - 4*p = 35, -2*c = p - 43. Suppose -2*w + 497 = -3*r, -688 = -3*w - 2*r + 77. What is the highest common divisor of w and c?
23
Let d(q) = -32*q + 1. Let h be d(-1). Let l be 1/((-2)/12) - -4. Let t = h - l. Calculate the highest common divisor of t and 5.
5
Suppose h - 58 = -3*s + 50, 0 = 2*s - 3*h - 83. Suppose -2*z = 24 + 20. Let c = s + z. Calculate the highest common factor of 165 and c.
15
Let f be 140/(-20) + 4*1. Let y = 6 - f. What is the greatest common factor of 63 and y?
9
Let d(z) = -z**3 - 10*z**2 - 7*z + 14. Let g be d(-9). Let v(n) = -2*n + 4*n + n**2 - 2 + n**2. Let o be v(g). What is the highest common divisor of o and 2?
2
Suppose -5*a - 600 = -4*j - 2*a, 2*j - 300 = 4*a. What is the highest common factor of j and 30?
30
Let f(h) = -77*h - 81. Let j be f(-3). What is the highest common factor of 90 and j?
30
Suppose -6*h = -5*h - 6. Suppose -3*w - 293 = -2*v, 186 = 4*w - h*w - v. Let k = w + 155. Calculate the greatest common factor of 20 and k.
20
Let q(c) = c**2 + 4*c - 25. Let g be q(7). Calculate the greatest common factor of g and 16.
4
Let u = 72 - 69. Suppose 2*x - u*v = 6, -2 = -3*v + 10. What is the greatest common divisor of x and 1?
1
Suppose 4*s - 18 = s. Let f be -3 + 62 + 2 - -5. Calculate the greatest common divisor of s and f.
6
Let m = 28 + -21. Let f be m/2 + (-5)/10. Suppose r - 21 = -f*s, 0*r = -2*s - r + 14. What is the highest common divisor of s and 28?
7
Suppose 0 = 3*i - 5*i + 186. Let t = i + -83. Calculate the highest common factor of 5 and t.
5
Let y(h) = -h + 2. Let m be y(1). Suppose 5*p - 15 + 6 = -3*u, u - 20 = 4*p. What is the highest common factor of u and m?
1
Suppose -4 = -5*j + 26. Suppose 2*a - 1 = 1. Suppose -3*m - 5*q = -105, -q = a - 4. Calculate the highest common divisor of m and j.
6
Let l(c) = -c**3 - 2*c**2 + 17*c + 38. Let h be l(-4). Calculate the greatest common factor of h and 13.
1
Suppose 3*n + 13 = 4*b, -2*b - 2*n + 6*n - 6 = 0. Calculate the highest common factor of 35 and b.
7
Let r(a) = -a**2 + 2*a + 8. Let z be r(4). Suppose z = -g + c + 3*c + 5, -g + 5 = 3*c. What is the highest common factor of 5 and g?
5
Let d(s) = 2*s + 21. Let o = 92 + -100. Let w be d(o). Calculate the greatest common divisor of w and 10.
5
Suppose -5*c - 96 = -1466. Let f(a) = -17*a**2 - 40*a - 121. Let d be f(-3). Let g = c + d. Calculate the greatest common factor of 12 and g.
12
Let k(x) = x**3 + 7*x**2 + x - 10. Let a be k(-5). Let c(o) = -2*o**2 - o + 2*o**2 + 4*o**2. Let w be c(-1). What is the greatest common divisor of a and w?
5
Let g be 1 + -9 + (-15 - -26). Suppose 5*y - y - 4 = 0. Calculate the greatest common factor of g and y.
1
Let i(v) = 4*v**3 + 2*v - 1. Let h be i(1). Let k(l) = -l**3 - 5*l**2 - 2*l + 4. Let d be k(-3). Let q = 48 + d. What is the greatest common factor of q and h?
5
Let m(d) = -d - 5 + 9 + 3*d + 4*d**2. Let u be m(3). Let j = u + -30. What is the greatest common divisor of 128 and j?
16
Suppose -5*c = 4*y - c - 20, y + 1 = c. Suppose 4*n - 35 = -3*i, 6*i - y*i + 3*n = 42. Let r = 3257 + -3251. What is the greatest common divisor of i and r?
3
Let t(a) = -a**3 - 2*a**2 + 4*a + 4. Let c be t(-3). Let v be 1/3*(c + 14).